566?
2, 3, 3529
What are the prime factors of 15937953?
3, 5312651
What are the prime factors of 183133?
367, 499
What are the prime factors of 323373?
3, 107791
What are the prime factors of 116815?
5, 61, 383
List the prime factors of 1877991.
3, 625997
List the prime factors of 720094.
2, 37, 263
What are the prime factors of 168815?
5, 19, 1777
What are the prime factors of 292961?
17, 19, 907
What are the prime factors of 303747?
3, 103, 983
List the prime factors of 1653786.
2, 3, 79, 1163
List the prime factors of 654145.
5, 130829
What are the prime factors of 6206920?
2, 5, 19, 8167
What are the prime factors of 3162653?
13, 29, 8389
What are the prime factors of 67038?
2, 3, 11173
What are the prime factors of 32285755?
5, 83, 77797
List the prime factors of 27885649.
11, 2535059
List the prime factors of 1662261.
3, 554087
List the prime factors of 525564.
2, 3, 13, 1123
List the prime factors of 410781.
3, 7, 31, 631
List the prime factors of 747499.
747499
List the prime factors of 232294.
2, 19, 6113
What are the prime factors of 9614348?
2, 2403587
List the prime factors of 41344403.
1619, 25537
List the prime factors of 1458872.
2, 17, 631
What are the prime factors of 4423321?
7, 631903
List the prime factors of 246799.
7, 35257
List the prime factors of 1098551.
263, 4177
What are the prime factors of 685716?
2, 3, 57143
List the prime factors of 759519.
3, 84391
List the prime factors of 928391.
47, 19753
What are the prime factors of 2664375?
3, 5, 7, 29
List the prime factors of 91559.
13, 7043
What are the prime factors of 147417?
3, 49139
What are the prime factors of 2383199?
7, 13, 26189
List the prime factors of 255052.
2, 7, 9109
What are the prime factors of 876649?
31, 28279
List the prime factors of 2949463.
11, 268133
List the prime factors of 8712887.
19, 458573
What are the prime factors of 891669?
3, 83, 3581
What are the prime factors of 2745941?
11, 107, 2333
What are the prime factors of 22542400?
2, 5, 73, 193
List the prime factors of 1291539.
3, 430513
List the prime factors of 2599858.
2, 251, 5179
What are the prime factors of 233168?
2, 13, 19, 59
What are the prime factors of 271662?
2, 3, 19, 2383
List the prime factors of 8143712.
2, 254491
What are the prime factors of 95831?
61, 1571
What are the prime factors of 453399?
3, 23, 6571
What are the prime factors of 4210307?
29, 47, 3089
List the prime factors of 1278663.
3, 89, 4789
What are the prime factors of 8350392?
2, 3, 347933
What are the prime factors of 2995266?
2, 3, 499211
List the prime factors of 8914574.
2, 4457287
What are the prime factors of 7404946?
2, 19, 194867
List the prime factors of 135151.
135151
List the prime factors of 14048.
2, 439
List the prime factors of 8531511.
3, 2843837
List the prime factors of 26014782.
2, 3, 47, 92251
What are the prime factors of 474329?
23, 41, 503
List the prime factors of 380891.
7, 54413
List the prime factors of 756776.
2, 94597
What are the prime factors of 17940700?
2, 5, 179407
List the prime factors of 6580373.
6580373
List the prime factors of 3965386.
2, 17, 223, 523
List the prime factors of 1758965.
5, 13, 27061
List the prime factors of 653919.
3, 7, 31139
List the prime factors of 5246537.
283, 18539
What are the prime factors of 550135?
5, 47, 2341
List the prime factors of 28632.
2, 3, 1193
List the prime factors of 32498.
2, 16249
List the prime factors of 234903.
3, 78301
What are the prime factors of 1661482?
2, 830741
What are the prime factors of 401615?
5, 47, 1709
What are the prime factors of 694214?
2, 31, 11197
List the prime factors of 639967.
107, 5981
What are the prime factors of 1444811?
1444811
List the prime factors of 23049041.
23049041
List the prime factors of 3601175.
5, 283, 509
What are the prime factors of 287630?
2, 5, 7, 587
What are the prime factors of 4323010?
2, 5, 432301
List the prime factors of 91793.
13, 23, 307
List the prime factors of 18841320.
2, 3, 5, 199, 263
List the prime factors of 165492.
2, 3, 4597
List the prime factors of 2975225.
5, 11, 31, 349
What are the prime factors of 1798724?
2, 449681
List the prime factors of 3000453.
3, 1000151
What are the prime factors of 84565?
5, 13, 1301
What are the prime factors of 8081957?
13, 311, 1999
What are the prime factors of 17410329?
3, 17, 83, 457
What are the prime factors of 1691926?
2, 23, 36781
What are the prime factors of 15768620?
2, 5, 7, 163, 691
What are the prime factors of 1310319?
3, 41, 53, 67
What are the prime factors of 51990?
2, 3, 5, 1733
What are the prime factors of 32671?
37, 883
What are the prime factors of 384554?
2, 47, 4091
List the prime factors of 78848.
2, 7, 11
List the prime factors of 555726.
2, 3, 23, 4027
List the prime factors of 1937508.
2, 3, 161459
List the prime factors of 10793431.
11, 981221
List the prime factors of 788274.
2, 3, 43793
List the prime factors of 178209.
3, 19801
What are the prime factors of 32331956?
2, 139, 58151
What are the prime factors of 14250372?
2, 3, 43, 27617
What are the prime factors of 243439?
7, 83, 419
List the prime factors of 62239.
109, 571
What are the prime factors of 383586?
2, 3, 7, 9133
What are the prime factors of 322169?
322169
What are the prime factors of 543633?
3, 181211
What are the prime factors of 14256142?
2, 7128071
What are the prime factors of 1119801?
3, 23, 16229
What are the prime factors of 574872?
2, 3, 17, 1409
List the prime factors of 3204107.
23, 139309
What are the prime factors of 4371100?
2, 5, 43711
List the prime factors of 2685057.
3, 97, 9227
What are the prime factors of 4663625?
5, 37309
What are the prime factors of 2734926?
2, 3, 17, 26813
What are the prime factors of 724880?
2, 5, 13, 17, 41
What are the prime factors of 629808?
2, 3, 13121
List the prime factors of 175908.
2, 3, 107, 137
What are the prime factors of 206409?
3, 7, 9829
What are the prime factors of 1091449?
1021, 1069
List the prime factors of 69524.
2, 7, 13, 191
List the prime factors of 71233.
71233
What are the prime factors of 20362738?
2, 11, 925579
List the prime factors of 188311.
188311
What are the prime factors of 2186164?
2, 383, 1427
List the prime factors of 2073607.
2073607
What are the prime factors of 5762471?
11, 13, 59, 683
What are the prime factors of 281279?
281279
List the prime factors of 4659161.
13, 19, 1451
List the prime factors of 52538.
2, 109, 241
What are the prime factors of 1783726?
2, 7, 43, 2963
What are the prime factors of 1328194?
2, 7, 13553
What are the prime factors of 13862148?
2, 3, 1155179
List the prime factors of 5711247.
3, 61, 101, 103
What are the prime factors of 2664942?
2, 3, 7, 107, 593
List the prime factors of 11812501.
17, 23, 30211
List the prime factors of 357440.
2, 5, 1117
What are the prime factors of 7380021?
3, 11, 223637
What are the prime factors of 2986739?
7, 29, 14713
What are the prime factors of 17077?
17077
What are the prime factors of 625656?
2, 3, 131, 199
What are the prime factors of 131362?
2, 7, 11, 853
What are the prime factors of 557431?
7, 79633
What are the prime factors of 2273401?
13, 174877
List the prime factors of 16458760.
2, 5, 411469
What are the prime factors of 3105682?
2, 71, 21871
What are the prime factors of 190239?
3, 7, 9059
What are the prime factors of 1027246?
2, 11, 53, 881
List the prime factors of 65214.
2, 3, 3623
List the prime factors of 5654777.
5654777
What are the prime factors of 2612954?
2, 1306477
List the prime factors of 14494258.
2, 29, 269, 929
What are the prime factors of 10018497?
3, 167, 19997
List the prime factors of 5270528.
2, 5147
List the prime factors of 242335.
5, 17, 2851
List the prime factors of 3875531.
11, 29, 12149
List the prime factors of 5608037.
5608037
List the prime factors of 413908.
2, 11, 23, 409
List the prime factors of 3932652.
2, 3, 327721
What are the prime factors of 318657?
3, 106219
List the prime factors of 634507.
683, 929
What are the prime factors of 110812?
2, 13, 2131
What are the prime factors of 24714688?
2, 31, 12457
List the prime factors of 86660.
2, 5, 7, 619
What are the prime factors of 7885092?
2, 3, 657091
List the prime factors of 97283.
97283
List the prime factors of 4704094.
2, 41, 57367
List the prime factors of 6334000.
2,